{"id":7,"date":"2021-06-18T19:27:00","date_gmt":"2021-06-18T19:27:00","guid":{"rendered":"http:\/\/www.kampery.info.pl\/?page_id=7"},"modified":"2022-12-21T18:31:53","modified_gmt":"2022-12-21T18:31:53","slug":"kontakt","status":"publish","type":"page","link":"https:\/\/www.kampery.info.pl\/index.php\/kontakt\/","title":{"rendered":"Kontakt"},"content":{"rendered":"\n<p><\/p>\n\n\n\n<p>Informujemy \u017ce nie prowadzimy serwisu, wypo\u017cyczalni, sprzeda\u017cy ani zabudowy pojazd\u00f3w i przyczep kempingowych. Oferujemy wy\u0142\u0105cznie us\u0142ugi projektowe i testy pojazd\u00f3w \u2013 dla producent\u00f3w kamper\u00f3w, przyczep i pojazd\u00f3w specjalnych (karetki, bankowozy itp.).<\/p>\n\n\n\n<p>Od 2021 roku nasza siedziba zosta\u0142a przeniesiona kilka kilometr\u00f3w za polsk\u0105 granic\u0119 &#8211; do Czech.  Nasze biuro przedstawicielskie znajduje si\u0119 natomiast w Opolu, w Polsce. <\/p>\n\n\n\n<figure class=\"wp-block-image size-large\"><img loading=\"lazy\" decoding=\"async\" width=\"1015\" height=\"648\" src=\"https:\/\/www.kampery.info.pl\/wp-content\/uploads\/2022\/12\/Czech1.png\" alt=\"\" class=\"wp-image-144\" srcset=\"https:\/\/www.kampery.info.pl\/wp-content\/uploads\/2022\/12\/Czech1.png 1015w, https:\/\/www.kampery.info.pl\/wp-content\/uploads\/2022\/12\/Czech1-300x192.png 300w, https:\/\/www.kampery.info.pl\/wp-content\/uploads\/2022\/12\/Czech1-768x490.png 768w\" sizes=\"auto, (max-width: 1015px) 100vw, 1015px\" \/><\/figure>\n\n\n\n<p>Zapraszamy do kontaktu e-mail biuro@kampery.info.pl . A je\u015bli osoba prywatn\u0105 i chcesz wypo\u017cyczy\u0107 kampera, kt\u00f3rego wyposa\u017cenie zawiera rozwi\u0105zania opracowane przez naszych in\u017cynier\u00f3w &#8211; polecamy wypo\u017cyczalnie Camper Moravia: <\/p>\n\n\n\n<p><a href=\"https:\/\/www.camper-moravia.cz\/\">https:\/\/www.camper-moravia.cz\/<\/a><\/p>\n\n\n\n<p><\/p>\n","protected":false},"excerpt":{"rendered":"<p>Informujemy \u017ce nie prowadzimy serwisu, wypo\u017cyczalni, sprzeda\u017cy ani zabudowy pojazd\u00f3w i przyczep kempingowych. Oferujemy wy\u0142\u0105cznie us\u0142ugi projektowe i testy pojazd\u00f3w \u2013 dla producent\u00f3w kamper\u00f3w, przyczep i pojazd\u00f3w specjalnych (karetki, bankowozy itp.). Od 2021 roku nasza siedziba zosta\u0142a przeniesiona kilka kilometr\u00f3w za polsk\u0105 granic\u0119 &#8211; do Czech. Nasze biuro przedstawicielskie znajduje [&hellip;]<\/p>\n","protected":false},"author":1,"featured_media":0,"parent":0,"menu_order":0,"comment_status":"closed","ping_status":"closed","template":"","meta":{"footnotes":""},"class_list":["post-7","page","type-page","status-publish","hentry"],"_links":{"self":[{"href":"https:\/\/www.kampery.info.pl\/index.php\/wp-json\/wp\/v2\/pages\/7","targetHints":{"allow":["GET"]}}],"collection":[{"href":"https:\/\/www.kampery.info.pl\/index.php\/wp-json\/wp\/v2\/pages"}],"about":[{"href":"https:\/\/www.kampery.info.pl\/index.php\/wp-json\/wp\/v2\/types\/page"}],"author":[{"embeddable":true,"href":"https:\/\/www.kampery.info.pl\/index.php\/wp-json\/wp\/v2\/users\/1"}],"replies":[{"embeddable":true,"href":"https:\/\/www.kampery.info.pl\/index.php\/wp-json\/wp\/v2\/comments?post=7"}],"version-history":[{"count":9,"href":"https:\/\/www.kampery.info.pl\/index.php\/wp-json\/wp\/v2\/pages\/7\/revisions"}],"predecessor-version":[{"id":148,"href":"https:\/\/www.kampery.info.pl\/index.php\/wp-json\/wp\/v2\/pages\/7\/revisions\/148"}],"wp:attachment":[{"href":"https:\/\/www.kampery.info.pl\/index.php\/wp-json\/wp\/v2\/media?parent=7"}],"curies":[{"name":"wp","href":"https:\/\/api.w.org\/{rel}","templated":true}]}}